{"id":57,"date":"2018-11-15T21:20:50","date_gmt":"2018-11-15T20:20:50","guid":{"rendered":"http:\/\/me-ga.ch.victorinus.ch-meta.net\/?page_id=57"},"modified":"2018-12-31T15:37:25","modified_gmt":"2018-12-31T14:37:25","slug":"reisen","status":"publish","type":"page","link":"https:\/\/me-ga.ch\/?page_id=57","title":{"rendered":"Reisen"},"content":{"rendered":"\n<p>In diesem Bereich berichten wir laufend \u00fcber unsere Reisen durch die Welt. Als n\u00e4chstes steht ein l\u00e4ngeres Abenteuer quer durch <a href=\"http:\/\/me-ga.ch\/?page_id=67\">Neuseeland<\/a> an.<\/p>\n","protected":false},"excerpt":{"rendered":"<p>In diesem Bereich berichten wir laufend \u00fcber unsere Reisen durch die Welt. Als n\u00e4chstes steht ein l\u00e4ngeres Abenteuer quer durch Neuseeland an.<\/p>\n","protected":false},"author":2,"featured_media":0,"parent":0,"menu_order":0,"comment_status":"closed","ping_status":"closed","template":"","meta":{"footnotes":""},"class_list":["post-57","page","type-page","status-publish","hentry"],"_links":{"self":[{"href":"https:\/\/me-ga.ch\/index.php?rest_route=\/wp\/v2\/pages\/57","targetHints":{"allow":["GET"]}}],"collection":[{"href":"https:\/\/me-ga.ch\/index.php?rest_route=\/wp\/v2\/pages"}],"about":[{"href":"https:\/\/me-ga.ch\/index.php?rest_route=\/wp\/v2\/types\/page"}],"author":[{"embeddable":true,"href":"https:\/\/me-ga.ch\/index.php?rest_route=\/wp\/v2\/users\/2"}],"replies":[{"embeddable":true,"href":"https:\/\/me-ga.ch\/index.php?rest_route=%2Fwp%2Fv2%2Fcomments&post=57"}],"version-history":[{"count":5,"href":"https:\/\/me-ga.ch\/index.php?rest_route=\/wp\/v2\/pages\/57\/revisions"}],"predecessor-version":[{"id":221,"href":"https:\/\/me-ga.ch\/index.php?rest_route=\/wp\/v2\/pages\/57\/revisions\/221"}],"wp:attachment":[{"href":"https:\/\/me-ga.ch\/index.php?rest_route=%2Fwp%2Fv2%2Fmedia&parent=57"}],"curies":[{"name":"wp","href":"https:\/\/api.w.org\/{rel}","templated":true}]}}