{"id":41,"date":"2018-11-15T21:03:20","date_gmt":"2018-11-15T20:03:20","guid":{"rendered":"http:\/\/me-ga.ch.victorinus.ch-meta.net\/?page_id=41"},"modified":"2026-01-11T17:10:02","modified_gmt":"2026-01-11T16:10:02","slug":"politik","status":"publish","type":"page","link":"https:\/\/me-ga.ch\/?page_id=41","title":{"rendered":"Politik"},"content":{"rendered":"\n<p>Ein Politik, die den Menschen ins Zentrum stellt, war mir seit jeher wichtig. <\/p>\n\n\n<div class=\"wp-block-image\">\n<figure class=\"alignleft is-resized\"><img loading=\"lazy\" decoding=\"async\" width=\"1024\" height=\"818\" src=\"http:\/\/me-ga.ch\/wp-content\/uploads\/2018\/12\/CVP-Logo-1024x818.png\" alt=\"\" class=\"wp-image-204\" style=\"width:148px;height:118px\" srcset=\"https:\/\/me-ga.ch\/wp-content\/uploads\/2018\/12\/CVP-Logo-1024x818.png 1024w, https:\/\/me-ga.ch\/wp-content\/uploads\/2018\/12\/CVP-Logo-300x240.png 300w, https:\/\/me-ga.ch\/wp-content\/uploads\/2018\/12\/CVP-Logo-768x614.png 768w\" sizes=\"auto, (max-width: 767px) 89vw, (max-width: 1000px) 54vw, (max-width: 1071px) 543px, 580px\" \/><\/figure>\n<\/div>\n\n\n<p>In der CVP habe ich einst meine politische Heimat gefunden. <br>Mit dem <a aria-label=\" (\u00f6ffnet in neuem Tab)\" href=\"http:\/\/www.cvp-sz.ch\/wp-content\/uploads\/2018\/06\/180206_CVP_Leitbild_V02.pdf\" target=\"_blank\" rel=\"noreferrer noopener\">aktuellen Leitbild der CVP des Kantons Schwyz<\/a> kann ich mich zu 100% identifizieren<br><\/p>\n\n\n\n<p><\/p>\n\n\n\n\n<div class=\"su-posts su-posts-default-loop \">\n\n\t\n\t\t\t\t\t\n\t\t\t\n\t\t\t<div id=\"su-post-1794\" class=\"su-post \">\n\n\t\t\t\t\n\t\t\t\t<h2 class=\"su-post-title\"><a href=\"https:\/\/me-ga.ch\/?p=1794\">Br\u00fcder und Schwestern?<\/a><\/h2>\n\n\t\t\t\t<div class=\"su-post-meta\">\n\t\t\t\t\tVer\u00f6ffentlicht: 14. Juni 2021\t\t\t\t<\/div>\n\n\t\t\t\t<div class=\"su-post-excerpt\">\n\t\t\t\t\t<p>Leserbrief zur bevorstehenden Abstimmung \u00fcber das Stimm- und Wahlrecht niedergelassener Katholiken Im Religionsunterricht habe ich vor mehr als 50 Jahren gelernt, dass wir Christen unabh\u00e4ngig von Sprache oder Herkunft alles Br\u00fcder und Schwestern und vor Gott alle gleich sind. Alle Erfahrungen, welche ich auf meinem weiteren Lebensweg als katholischer Christ gemacht habe, waren stets stimmig &hellip; <\/p>\n<p class=\"link-more\"><a href=\"https:\/\/me-ga.ch\/?p=1794\" class=\"more-link\"><span class=\"screen-reader-text\">\u201eBr\u00fcder und Schwestern?\u201c <\/span>weiterlesen<\/a><\/p>\n\t\t\t\t<\/div>\n\n\t\t\t\t\t\t\t\t\t<a href=\"https:\/\/me-ga.ch\/?p=1794#respond\" class=\"su-post-comments-link\">0 Kommentare<\/a>\n\t\t\t\t\n\t\t\t<\/div>\n\n\t\t\t\t\t\n\t\t\t\n\t\t\t<div id=\"su-post-1482\" class=\"su-post \">\n\n\t\t\t\t\t\t\t\t\t<a class=\"su-post-thumbnail\" href=\"https:\/\/me-ga.ch\/?p=1482\"><img loading=\"lazy\" decoding=\"async\" width=\"2477\" height=\"1742\" src=\"https:\/\/me-ga.ch\/wp-content\/uploads\/2020\/05\/Sandro-Patierno-in-den-RR.jpg\" class=\"attachment-post-thumbnail size-post-thumbnail wp-post-image\" alt=\"\" srcset=\"https:\/\/me-ga.ch\/wp-content\/uploads\/2020\/05\/Sandro-Patierno-in-den-RR.jpg 2477w, https:\/\/me-ga.ch\/wp-content\/uploads\/2020\/05\/Sandro-Patierno-in-den-RR-300x211.jpg 300w, https:\/\/me-ga.ch\/wp-content\/uploads\/2020\/05\/Sandro-Patierno-in-den-RR-1024x720.jpg 1024w, https:\/\/me-ga.ch\/wp-content\/uploads\/2020\/05\/Sandro-Patierno-in-den-RR-768x540.jpg 768w, https:\/\/me-ga.ch\/wp-content\/uploads\/2020\/05\/Sandro-Patierno-in-den-RR-1536x1080.jpg 1536w, https:\/\/me-ga.ch\/wp-content\/uploads\/2020\/05\/Sandro-Patierno-in-den-RR-2048x1440.jpg 2048w\" sizes=\"auto, 100vw\" \/><\/a>\n\t\t\t\t\n\t\t\t\t<h2 class=\"su-post-title\"><a href=\"https:\/\/me-ga.ch\/?p=1482\">Nicht vergessen &#8211; Am kommenden Sonntag sind Wahlen<\/a><\/h2>\n\n\t\t\t\t<div class=\"su-post-meta\">\n\t\t\t\t\tVer\u00f6ffentlicht: 14. Mai 2020\t\t\t\t<\/div>\n\n\t\t\t\t<div class=\"su-post-excerpt\">\n\t\t\t\t\t<p>F\u00fcr die Nachwahlen in den Regierungsrat empfehle ich Ihnen mit fester \u00dcberzeugung Sandro Patierno. Als ehemaliger Bezirksammann des Bezirks Schwyz hat er die n\u00f6tige Erfahrung f\u00fcr die Exekutive. Als Energieberater mit eigenem Gesch\u00e4ft kann er im Kanton\u00a0 Schwyz die dringend n\u00f6tigen neuen Akzente im Bereich alternativer Energieversorgung und verbesserter Energieeffizienz setzen.Daher nicht vergessen: Sofort den &hellip; <\/p>\n<p class=\"link-more\"><a href=\"https:\/\/me-ga.ch\/?p=1482\" class=\"more-link\"><span class=\"screen-reader-text\">\u201eNicht vergessen &#8211; Am kommenden Sonntag sind Wahlen\u201c <\/span>weiterlesen<\/a><\/p>\n\t\t\t\t<\/div>\n\n\t\t\t\t\t\t\t\t\t<a href=\"https:\/\/me-ga.ch\/?p=1482#respond\" class=\"su-post-comments-link\">0 Kommentare<\/a>\n\t\t\t\t\n\t\t\t<\/div>\n\n\t\t\t\t\t\n\t\t\t\n\t\t\t<div id=\"su-post-1475\" class=\"su-post \">\n\n\t\t\t\t\t\t\t\t\t<a class=\"su-post-thumbnail\" href=\"https:\/\/me-ga.ch\/?p=1475\"><img loading=\"lazy\" decoding=\"async\" width=\"872\" height=\"1114\" src=\"https:\/\/me-ga.ch\/wp-content\/uploads\/2020\/03\/KR-Wahlen-Plakat-mit-Danke.png\" class=\"attachment-post-thumbnail size-post-thumbnail wp-post-image\" alt=\"\" srcset=\"https:\/\/me-ga.ch\/wp-content\/uploads\/2020\/03\/KR-Wahlen-Plakat-mit-Danke.png 872w, https:\/\/me-ga.ch\/wp-content\/uploads\/2020\/03\/KR-Wahlen-Plakat-mit-Danke-235x300.png 235w, https:\/\/me-ga.ch\/wp-content\/uploads\/2020\/03\/KR-Wahlen-Plakat-mit-Danke-802x1024.png 802w, https:\/\/me-ga.ch\/wp-content\/uploads\/2020\/03\/KR-Wahlen-Plakat-mit-Danke-768x981.png 768w\" sizes=\"auto, 100vw\" \/><\/a>\n\t\t\t\t\n\t\t\t\t<h2 class=\"su-post-title\"><a href=\"https:\/\/me-ga.ch\/?p=1475\">Herzlichen Dank an alle W\u00e4hlerinnen und W\u00e4hler<\/a><\/h2>\n\n\t\t\t\t<div class=\"su-post-meta\">\n\t\t\t\t\tVer\u00f6ffentlicht: 22. M\u00e4rz 2020\t\t\t\t<\/div>\n\n\t\t\t\t<div class=\"su-post-excerpt\">\n\t\t\t\t\t<p>Herzlichen Dank an alle Galgenerinnen und Galgener, die an den heutigen Kantonsratswahlen ihre Stimme der CVP gegeben haben. Mit diesen Stimmen hat sich die CVP als zweitst\u00e4rkste Kraft in Galgenen positionieren k\u00f6nnen. Das entgegengebrachte Vertrauen ist f\u00fcr mich als wiedergew\u00e4hlten Kantonsrat nicht nur Ehre, sondern auch Verpflichtung. Gerne gebe ich auch w\u00e4hrend den n\u00e4chsten 4 &hellip; <\/p>\n<p class=\"link-more\"><a href=\"https:\/\/me-ga.ch\/?p=1475\" class=\"more-link\"><span class=\"screen-reader-text\">\u201eHerzlichen Dank an alle W\u00e4hlerinnen und W\u00e4hler\u201c <\/span>weiterlesen<\/a><\/p>\n\t\t\t\t<\/div>\n\n\t\t\t\t\t\t\t\t\t<a href=\"https:\/\/me-ga.ch\/?p=1475#respond\" class=\"su-post-comments-link\">0 Kommentare<\/a>\n\t\t\t\t\n\t\t\t<\/div>\n\n\t\t\t\t\t\n\t\t\t\n\t\t\t<div id=\"su-post-1432\" class=\"su-post \">\n\n\t\t\t\t\n\t\t\t\t<h2 class=\"su-post-title\"><a href=\"https:\/\/me-ga.ch\/?p=1432\">Leserbrief zur Abstimmung \u00fcber die AHV-Steuervorlage<\/a><\/h2>\n\n\t\t\t\t<div class=\"su-post-meta\">\n\t\t\t\t\tVer\u00f6ffentlicht: 26. April 2019\t\t\t\t<\/div>\n\n\t\t\t\t<div class=\"su-post-excerpt\">\n\t\t\t\t\t<p>Ein guter Kompromiss aus wirtschaftlicher und sozialer Sicht. Kein Zweifel, die Welt ist \u00fcber die Jahre immer komplexer geworden. Alle unsere Aktionen haben eine immer gr\u00f6ssere Reichweite, erreichen immer mehr andere Menschen und erfolgen in immer h\u00f6herem Tempo. \u00dcberraschenderweise hat dies aber nicht zur Folge, dass sich unserer Meinungen immer mehr angleichen, nein, genau das &hellip; <\/p>\n<p class=\"link-more\"><a href=\"https:\/\/me-ga.ch\/?p=1432\" class=\"more-link\"><span class=\"screen-reader-text\">\u201eLeserbrief zur Abstimmung \u00fcber die AHV-Steuervorlage\u201c <\/span>weiterlesen<\/a><\/p>\n\t\t\t\t<\/div>\n\n\t\t\t\t\t\t\t\t\t<a href=\"https:\/\/me-ga.ch\/?p=1432#respond\" class=\"su-post-comments-link\">0 Kommentare<\/a>\n\t\t\t\t\n\t\t\t<\/div>\n\n\t\t\n\t\n<\/div>\n\n","protected":false},"excerpt":{"rendered":"<p>Ein Politik, die den Menschen ins Zentrum stellt, war mir seit jeher wichtig. In der CVP habe ich einst meine politische Heimat gefunden. Mit dem aktuellen Leitbild der CVP des Kantons Schwyz kann ich mich zu 100% identifizieren<\/p>\n","protected":false},"author":2,"featured_media":0,"parent":0,"menu_order":0,"comment_status":"closed","ping_status":"closed","template":"","meta":{"footnotes":""},"class_list":["post-41","page","type-page","status-publish","hentry"],"_links":{"self":[{"href":"https:\/\/me-ga.ch\/index.php?rest_route=\/wp\/v2\/pages\/41","targetHints":{"allow":["GET"]}}],"collection":[{"href":"https:\/\/me-ga.ch\/index.php?rest_route=\/wp\/v2\/pages"}],"about":[{"href":"https:\/\/me-ga.ch\/index.php?rest_route=\/wp\/v2\/types\/page"}],"author":[{"embeddable":true,"href":"https:\/\/me-ga.ch\/index.php?rest_route=\/wp\/v2\/users\/2"}],"replies":[{"embeddable":true,"href":"https:\/\/me-ga.ch\/index.php?rest_route=%2Fwp%2Fv2%2Fcomments&post=41"}],"version-history":[{"count":12,"href":"https:\/\/me-ga.ch\/index.php?rest_route=\/wp\/v2\/pages\/41\/revisions"}],"predecessor-version":[{"id":1847,"href":"https:\/\/me-ga.ch\/index.php?rest_route=\/wp\/v2\/pages\/41\/revisions\/1847"}],"wp:attachment":[{"href":"https:\/\/me-ga.ch\/index.php?rest_route=%2Fwp%2Fv2%2Fmedia&parent=41"}],"curies":[{"name":"wp","href":"https:\/\/api.w.org\/{rel}","templated":true}]}}